(y) = 4*y**2 + 2582*y - 403267. What is s(130)?
-7
Let c(l) = 2*l**3 + 91*l**2 - 323*l - 93. Give c(4).
199
Let q(o) = 10*o**3 - 71*o**2 + 3773*o - 26454. Give q(7).
-92
Let o(f) = -954*f**2 - 71544*f + 496. What is o(-75)?
46
Let u(o) = -544344*o - 3266080. Calculate u(-6).
-16
Let u(k) = k**3 + 54*k**2 + 2*k + 64. Determine u(-54).
-44
Let p(y) = -2*y**3 + 20*y**2 + 194*y - 1864. What is p(12)?
-112
Let p(i) = -168*i + 1001. Determine p(6).
-7
Let k(y) = -6*y**3 - 11*y**2 + 92*y + 462. What is k(-4)?
302
Let b(j) = j**3 - 98*j**2 - 751*j + 1619. Give b(105).
-61
Let p(n) = -7*n**2 + 231*n - 1503. What is p(27)?
-369
Let h(a) = -2*a**3 + 251*a**2 + 137*a - 1040. Give h(126).
346
Let b(t) = -t**3 - 5*t**2 - 4775*t - 19040. Determine b(-4).
44
Let u(r) = -48*r - 952. Determine u(-24).
200
Let r(g) = -g**3 - 61*g**2 - 530*g - 391. Determine r(-50).
-1391
Let r(a) = a**3 - 37*a**2 - 234*a + 2371. Calculate r(40).
-2189
Let i(u) = u**3 + 19*u**2 + 194*u + 4469. What is i(-20)?
189
Let o(m) = -22*m**2 - 9119*m - 4559. What is o(-414)?
-5
Let n(g) = -82*g + 2733. What is n(53)?
-1613
Let w(a) = -2*a**3 - 65*a**2 + 881*a - 1045. Calculate w(-43).
-99
Let i(k) = k**2 + 9048*k + 198340. Give i(-22).
-232
Let g(x) = 16*x**3 + 6*x**2 + 179*x - 760. Determine g(5).
2285
Let k(f) = 3*f**3 - 99*f**2 + 642*f - 46. Determine k(24).
-190
Let w(d) = -242*d - 9565. Calculate w(-40).
115
Let f(i) = 190846*i + 3053480. Calculate f(-16).
-56
Let b(s) = 77*s**3 - s**2 + 34*s - 29. Give b(1).
81
Let b(s) = 2*s**3 - 1475*s**2 - 342432*s - 886. Determine b(923).
37
Let o(j) = -5*j**3 - 26*j**2 + 3*j + 694. Give o(0).
694
Let v(r) = -20*r**3 + 124*r**2 + 66*r - 3. Determine v(2).
465
Let g(q) = 76916*q + 76956. Calculate g(-1).
40
Let w(k) = 1611*k + 684678. What is w(-425)?
3
Let g(q) = -3763*q + 44879. Determine g(12).
-277
Let z(h) = -h**3 + 123*h**2 + 712*h - 73086. Give z(124).
-174
Let d(z) = 3*z**2 + 46998*z + 187959. Calculate d(-4).
15
Let t(f) = -1367*f**3 + 21869*f**2 - 2*f - 25. Determine t(16).
-825
Let h(x) = x**2 - 134*x - 2504. What is h(-17)?
63
Let q(f) = -2*f**2 + 11339*f - 349574. What is q(31)?
13
Let r(q) = -782*q**3 - 2*q**2 + 4*q - 2. What is r(1)?
-782
Let c(n) = -201*n**3 - 2*n**2 - 19*n - 42. What is c(-2)?
1596
Let z(b) = -b**2 - 2045*b + 43528. Determine z(21).
142
Let d(y) = 33*y - 498. What is d(25)?
327
Let u(z) = -z**3 + 33*z**2 + 4693*z + 443. Determine u(87).
8
Let o(k) = -3*k**3 + 400*k**2 - 1298*k - 253. Calculate o(130).
7
Let z(k) = -512*k**2 - 330759*k - 4518. What is z(-646)?
4
Let m(u) = 311*u - 14045. Calculate m(41).
-1294
Let w(j) = -2*j**2 + 1573*j + 38858. Calculate w(-24).
-46
Let w(j) = -j**2 + 4168*j - 315000. Give w(77).
7
Let p(b) = b**3 + 6*b**2 - 500*b - 44. Calculate p(0).
-44
Let d(c) = -103*c - 9318. What is d(-90)?
-48
Let y(v) = -29*v**2 + 3860*v - 492. What is y(133)?
-93
Let b(m) = m**2 - 6849*m - 61752. Calculate b(-9).
-30
Let f(p) = -p**3 - 43*p**2 + 233*p + 4384. Calculate f(-46).
14
Let d(g) = 2364*g + 572182. What is d(-242)?
94
Let z(a) = 43*a**2 - 206*a - 55. Calculate z(6).
257
Let f(x) = 4*x**2 - 769*x + 32097. Determine f(131).
2
Let t(z) = z**3 - 52*z**2 + 1227*z - 13808. Give t(25).
-8
Let x(m) = 3*m**2 + 22442*m - 44897. What is x(2)?
-1
Let y(f) = 4478*f - 13519. What is y(3)?
-85
Let g(x) = x**3 - 7*x**2 - 1954*x + 22727. Give g(12).
-1
Let a(d) = 1358828*d - 14947113. Determine a(11).
-5
Let t(h) = -9293*h - 195059. What is t(-21)?
94
Let f(v) = 2*v**2 + 828*v - 47100. What is f(51)?
330
Let f(b) = 4086*b + 330955. What is f(-81)?
-11
Let s(u) = -4*u**3 - 1033*u**2 + 1824*u - 184. Give s(-260).
-1224
Let j(l) = -34*l**2 + 202*l + 120. Determine j(7).
-132
Let u(w) = -15*w**3 - 1787*w**2 - 238*w + 142. Determine u(-119).
142
Let c(p) = 43757*p - 175040. Give c(4).
-12
Let m(f) = 12156*f + 72897. Determine m(-6).
-39
Let l(r) = 2*r**2 + 801*r - 33306. Determine l(38).
20
Let t(g) = 697*g + 503912. Determine t(-723).
-19
Let v(l) = 97*l + 13296. Give v(-138).
-90
Let z(r) = -r**3 - 98*r**2 + 452*r + 4411. Determine z(-102).
-77
Let q(x) = -6*x**3 + 1175*x**2 - 17286*x + 357. Give q(16).
5
Let z(u) = -u**3 + 75*u**2 + 377*u - 11162. What is z(78)?
-8
Let y(m) = -363*m**2 - 67*m - 146. What is y(-2)?
-1464
Let s(w) = 16198*w - 453531. Determine s(28).
13
Let q(g) = 268701*g - 1343519. Determine q(5).
-14
Let z(v) = -6*v**2 + 3690*v + 37339. Determine z(-10).
-161
Let y(h) = 74*h**2 + 9437*h + 14210. What is y(-126)?
-28
Let u(j) = -j**3 + 174*j**2 - 3970*j + 121. Calculate u(147).
-26
Let q(f) = 78*f + 4489. Calculate q(-52).
433
Let y(x) = x**2 - 63*x + 222. Determine y(20).
-638
Let w(r) = -41*r**2 + 10677*r + 621617. What is w(-49)?
3
Let w(j) = 13*j**2 - 1231*j + 29119. Give w(48).
-17
Let c(w) = -3*w**3 + 92*w**2 - 253*w - 839. Give c(28).
-1651
Let r(o) = -3*o**2 - 25605*o - 102397. Determine r(-4).
-25
Let a(d) = 729*d + 16010. Determine a(-22).
-28
Let i(p) = 1506481*p - 1506483. What is i(1)?
-2
Let x(u) = 10*u**2 - 1871*u - 15398. Give x(195).
7
Let p(z) = z**3 - 188*z**2 + 310*z - 58288. Calculate p(188).
-8
Let u(m) = 18*m**2 - 187*m + 326. What is u(8)?
-18
Let j(v) = 23*v**2 + 4515*v + 423. Give j(-196).
-949
Let a(j) = 102*j + 3108. Calculate a(-31).
-54
Let k(z) = 7*z**2 - 207*z + 4. What is k(31)?
314
Let x(m) = -57*m**2 - 13*m - 76. What is x(-6)?
-2050
Let v(t) = -t**3 + 175*t**2 - 523*t + 376. Determine v(172).
-828
Let o(m) = 652684*m - 3263426. Calculate o(5).
-6
Let v(b) = -b**3 - 10*b**2 - 16456*b - 82247. Give v(-5).
-92
Let h(x) = x**2 - 170*x + 5369. What is h(129)?
80
Let w(g) = -96*g**2 - 132*g - 338. What is w(-3)?
-806
Let d(f) = -18*f**3 - 1835*f**2 + 89*f - 1380. Calculate d(-102).
-54
Let p(n) = 7*n**2 + 273*n + 2092. Determine p(-25).
-358
Let x(g) = 1503*g + 43577. Determine x(-29).
-10
Let d(f) = -f**2 - 14*f + 4585. Calculate d(61).
10
Let p(a) = -63*a**2 + 56*a - 214. Give p(4).
-998
Let h(n) = -3*n**3 + 91*n**2 - 460*n + 12904. What is h(30)?
4
Let f(t) = -97756*t - 1759629. Determine f(-18).
-21
Let y(z) = -923*z + 12510. Determine y(12).
1434
Let n(q) = q**2 + 830268*q - 6642211. Calculate n(8).
-3
Let t(c) = 138343*c - 553364. Determine t(4).
8
Let s(k) = -30*k**2 + 21834*k + 109926. What is s(-5)?
6
Let w(o) = -14*o**3 + 34*o**2 + 24*o - 56. What is w(4)?
-312
Let y(p) = -15*p**2 + 18*p - 87. Determine y(-5).
-552
Let s(t) = 2360305*t - 14161820. Give s(6).
10
Let b(o) = 72*o**2 - 6265*o + 229. Give b(87).
142
Let o(u) = -2*u**3 + 24*u**2 - 86*u + 1192. What is o(13)?
-264
Let w(n) = 2*n**3 - 68*n**2 - 86*n + 443. Calculate w(36).
2531
Let o(n) = -n**2 - 37749*n + 264402. Give o(7).
110
Let z(q) = -2*q**3 - 41*q**2 - 44*q - 45. Give z(-19).
-292
Let g(o) = 13*o - 75. Give g(6).
3
Let v(a) = -a**3 - 335*a**2 + 2346*a - 13. Determine v(7).
-349
Let t(h) = -h**2 + 1286*h + 7770. Give t(-6).
18
Let t(y) = y**3 + 23*y**2 + 107*y - 108. Determine t(-10).
122
Let a(c) = -c**2 + 5233*c - 222977. What is a(43)?
193
Let a(s) = 21*s**3 - 7*s**2 + 41*s - 34. Give a(3).
593
Let q(l) = -1246*l + 17415. Give q(15).
-1275
Let j(s) = s**3 - 29*s**2 - 61*s + 159. Give j(31).
190
Let d(b) = -5*b**3 + 174*b**2 - 298*b + 56. Determine d(33).
23
Let x(f) = 3106*f - 17983. Give x(6).
653
Let c(k) = 2*k**2 + 1817*k + 32055. Calculate c(-18).
-3
Let h(w) = 1101*w + 69351. Determine h(-63).
-12
Let d(p) = -223*p**2 + 24753*p + 3. Determine d(111).
3
Let c(i) = i**2 + 25*i + 67. Give c(-17).
-69
Let h(t) = -18*t**2 - 275*t - 1350. Give h(-6).
-348
Let o(r) = -583*r**2 - 1172*r - 55. Give o(-2).
-43
Let g(s) = 7686*s - 8469975. Give g(1102).
-3
Let f(d) = -d**3 - 143*d**2 + 2246*d + 2743. Give f(-157).
-4793
Let z(g) = 5*g**3 + 4*g**2 + 152*g + 460. What is z(-3)?
-95
Let a(w) = w**3 - 268*w**2 - 1091*w + 867. Give a(272).
51
Let v(c) = 1725*c + 96558. What is v(-56)?
-42
Let i(u) = 87912*u + 7384599. Give i(-84).
-9
Let u(b) = b**2 + 99*b - 6076. Calculate u(43).
30
Let o(f) = 984*f + 1998. Calculate o(-4).
-1938
Let g(a) = -59*a - 5084. What is g(-95)?
521
Let a(u) = -3*u**3 - 560*u**2 + 201*u + 2031. Calculate a(-187).
-587
Let j(f) = f**3 + 129*f**2 + 3775*f - 217. What is j(-45)?
8
Let p(m) = -1498*m**2 - 3098*m + 2. What is p(-2)?
206
Let c(x) = -21553*x - 1077716. Determ